5854388 is divided by 29.
18
What is the remainder when 403489 is divided by 211?
57
Calculate the remainder when 3567235 is divided by 1551.
1486
What is the remainder when 89751654 is divided by 487?
476
What is the remainder when 1533302 is divided by 138?
122
What is the remainder when 21207305 is divided by 10603631?
43
What is the remainder when 239573 is divided by 10879?
235
Calculate the remainder when 10563949 is divided by 1604.
5
Calculate the remainder when 308481 is divided by 581.
551
Calculate the remainder when 23475872 is divided by 30.
2
What is the remainder when 8278120 is divided by 15?
10
Calculate the remainder when 20112 is divided by 81.
24
Calculate the remainder when 144431 is divided by 298.
199
Calculate the remainder when 6586890 is divided by 21248.
10
Calculate the remainder when 1159053 is divided by 26954.
31
Calculate the remainder when 218962 is divided by 24232.
874
Calculate the remainder when 2012201 is divided by 571.
568
What is the remainder when 552718 is divided by 35?
33
What is the remainder when 3170417 is divided by 708?
701
What is the remainder when 9314388 is divided by 40322?
6
Calculate the remainder when 3187870 is divided by 1593927.
16
What is the remainder when 684280 is divided by 2013?
1873
Calculate the remainder when 54030 is divided by 946.
108
What is the remainder when 64953 is divided by 1044?
225
Calculate the remainder when 202349306 is divided by 322.
320
Calculate the remainder when 30096 is divided by 2526.
2310
Calculate the remainder when 335266286 is divided by 14.
12
Calculate the remainder when 82022 is divided by 1343.
99
What is the remainder when 353222 is divided by 209?
12
What is the remainder when 552944 is divided by 429?
392
Calculate the remainder when 336874 is divided by 2783.
131
What is the remainder when 10092 is divided by 9316?
776
Calculate the remainder when 9954 is divided by 7394.
2560
What is the remainder when 370487 is divided by 1041?
932
What is the remainder when 187678 is divided by 8640?
6238
Calculate the remainder when 276212 is divided by 276183.
29
What is the remainder when 24496 is divided by 15794?
8702
Calculate the remainder when 12171641 is divided by 17.
15
What is the remainder when 8297690 is divided by 78280?
10
What is the remainder when 2265528 is divided by 3074?
3064
Calculate the remainder when 181074 is divided by 5840.
34
Calculate the remainder when 143716 is divided by 28421.
1611
Calculate the remainder when 3203103 is divided by 25.
3
Calculate the remainder when 1517406 is divided by 7903.
30
What is the remainder when 8131565 is divided by 3653?
3640
Calculate the remainder when 423359 is divided by 423070.
289
Calculate the remainder when 4762711 is divided by 5759.
18
What is the remainder when 46610 is divided by 45665?
945
What is the remainder when 6629107 is divided by 1176?
1171
What is the remainder when 368480 is divided by 10837?
22
What is the remainder when 11396 is divided by 10849?
547
Calculate the remainder when 176093 is divided by 25153.
22
Calculate the remainder when 69191 is divided by 2890.
2721
Calculate the remainder when 34055 is divided by 17016.
23
What is the remainder when 965035 is divided by 160797?
253
What is the remainder when 3609825 is divided by 1203189?
258
What is the remainder when 7309417 is divided by 325?
167
What is the remainder when 2659863 is divided by 2921?
1753
What is the remainder when 2312040 is divided by 22228?
328
What is the remainder when 80276429 is divided by 390?
389
Calculate the remainder when 1068933 is divided by 451.
63
Calculate the remainder when 19277 is divided by 19.
11
Calculate the remainder when 178107157 is divided by 8.
5
What is the remainder when 2137737 is divided by 35?
7
What is the remainder when 411709 is divided by 284?
193
What is the remainder when 3810595 is divided by 57736?
19
Calculate the remainder when 1094973 is divided by 112.
61
Calculate the remainder when 2932 is divided by 329.
300
What is the remainder when 1101067 is divided by 1184?
1131
Calculate the remainder when 6435701 is divided by 11575.
1
What is the remainder when 6309715 is divided by 1141?
1126
Calculate the remainder when 9683224 is divided by 59.
26
Calculate the remainder when 2848617 is divided by 66.
57
What is the remainder when 1196779 is divided by 4097?
455
Calculate the remainder when 110072 is divided by 18295.
302
What is the remainder when 19396443 is divided by 164?
163
Calculate the remainder when 4388311 is divided by 43883.
11
Calculate the remainder when 29201263 is divided by 15.
13
Calculate the remainder when 149544849 is divided by 230.
229
Calculate the remainder when 57483721 is divided by 5494.
5493
What is the remainder when 57882537 is divided by 55?
42
What is the remainder when 1069548 is divided by 472?
468
What is the remainder when 7763 is divided by 329?
196
Calculate the remainder when 351008 is divided by 116564.
1316
Calculate the remainder when 595617 is divided by 4617.
24
Calculate the remainder when 70931 is divided by 2956.
2943
What is the remainder when 9216102 is divided by 2304011?
58
What is the remainder when 3406791 is divided by 680?
671
Calculate the remainder when 8680086 is divided by 15956.
22
Calculate the remainder when 271876 is divided by 89792.
2500
Calculate the remainder when 159983 is divided by 79963.
57
What is the remainder when 829808 is divided by 3?
2
What is the remainder when 4804222 is divided by 2402102?
18
Calculate the remainder when 4713275 is divided by 90.
65
What is the remainder when 10003 is divided by 220?
103
What is the remainder when 213837 is divided by 42765?
12
Calculate the remainder when 1122326 is divided by 2403.
125
Calculate the remainder when 22944778 is divided by 10.
8
Calculate the remainder when 17005210 is divided by 1341.
1330
What is the remainder when 46527 is divided by 2115?
2112
What is the remainder when 4812935 is divided by 1604307?
14
Calculate the remainder when 656856 is divided by 19902.
90
Calculate the remainder when 380546 is divided by 10014.
14
What is the remainder when 98444 is divided by 864?
812
Calculate the remainder when 221655 is divided by 22161.
45
What is the remainder when 1584750 is divided by 1584649?
101
What is the remainder when 16196 is divided by 623?
621
Calculate the remainder when 76162545 is divided by 2372.
2369
Calculate the remainder when 5887283 is divided by 613.
31
What is the remainder when 7686 is divided by 7616?
70
What is the remainder when 25438986 is divided by 420?
6
Calculate the remainder when 1252434 is divided by 10265.
104
What is the remainder when 362497 is divided by 90586?
153
Calculate the remainder when 20289 is divided by 183.
159
What is the remainder when 27513 is divided by 722?
77
Calculate the remainder when 464408 is divided by 9472.
280
What is the remainder when 70461522 is divided by 26?
14
What is the remainder when 10382921 is divided by 348?
341
What is the remainder when 30967621 is divided by 65?
61
Calculate the remainder when 1850892 is divided by 2924.
0
What is the remainder when 6285913 is divided by 55?
18
What is the remainder when 2909045 is divided by 178?
169
What is the remainder when 79802 is divided by 26571?
89
What is the remainder when 101249 is divided by 1777?
1737
What is the remainder when 13168882 is divided by 731604?
10
What is the remainder when 24065105 is divided by 8558?
9
What is the remainder when 62708841 is divided by 220031?
6
What is the remainder when 380354 is divided by 927?
284
What is the remainder when 1023698 is divided by 1948?
998
Calculate the remainder when 10835013 is divided by 462.
189
Calculate the remainder when 66821 is divided by 11006.
785
Calculate the remainder when 9250401 is divided by 141.
96
Calculate the remainder when 29256877 is divided by 788.
13
Calculate the remainder when 557897 is divided by 81.
50
What is the remainder when 4420375 is divided by 2228?
23
What is the remainder when 4251050 is divided by 1416977?
119
Calculate the remainder when 5988687 is divided by 25925.
12
What is the remainder when 34632463 is divided by 2664034?
21
What is the remainder when 6392850 is divided by 112?
2
What is the remai